(-7 - -4) + (12 + 3 - 0)?
12
What is -28 + 23 + 1 + -1 - (-12 - -9)?
-2
What is the value of -32 - (-35 + 6 + 9)?
-12
Evaluate -2 + 1 + (21 - 28) + 20.
12
What is (-16 - -16) + (5 - 5) + -2?
-2
Calculate (20 - (7 - -7)) + -1 + -12.
-7
(5 - (-2 + (-12 - -19))) + 9 + -2
7
Evaluate (5 - (9 - -1)) + 15 + -20.
-10
Calculate -394 + 413 + 2 + (-2 - -1) + 3.
23
2 + 7 + (-662 - -650)
-3
Calculate -37 + 31 + (-11 - 12).
-29
What is 6 + (3 + 6 - (-11 - -17))?
9
Calculate (-6 - 2) + -7 + 9 + 2 + -9.
-13
-2 - (-10 - (-1 + -9 + 11))
9
Calculate (9 - 7) + -6 + 11 + -3.
4
Evaluate -5 + (32 - 20) - 24.
-17
What is -14 + 7 - 8 - -2 - (-2 + -5)?
-6
Evaluate (62 - 64) + (-4 - -14).
8
What is (-30 + -3 - -36) + 1 + -5?
-1
Evaluate 10 + -6 + -14 + (-14 - -21).
-3
Evaluate (10 - 0) + 33 + 27 + -53.
17
Evaluate -74 + 42 - -2 - -38.
8
Calculate 10 - 1 - (-73 - -72).
10
What is 15 + (-16 - -14) + -15?
-2
What is 113 + -108 + -5 + 1 - 10?
-9
Evaluate 14 - (81 - 42) - 6.
-31
What is the value of -1 - ((17 - 7) + -7)?
-4
14 - (1 + 9 - -5 - -6)
-7
Calculate 148 + -148 + (-1 - (-6 + 3)).
2
(8 - 1 - (-5 + 7 + 16)) + -6
-17
What is the value of (5 - 4) + -1 + 0 - (28 - 25)?
-3
Evaluate -3 - -4 - (-8 - (-5 - (8 - 7))).
3
What is -20 - (-6 + (-2 - 2)) - -15?
5
Calculate 1 + (-5 - -3) + 19 - 6.
12
What is 2 + 38 + (-23 - -10) + -9?
18
Calculate -7 + 8 + 7 + -18.
-10
Calculate (-6 + 6 - 2) + 9 + 5.
12
What is (7 - 5) + -5 + (12 - 12)?
-3
Evaluate 25 + -46 + 31 + (-2 - -9).
17
Calculate 285 - 265 - (6 + 0).
14
Evaluate 10 - -2 - (-17 + (-7 - -23)).
13
Calculate (-14 + 5 - -3) + -2 - 0.
-8
Calculate 3 + 7 + 1 + (50 - 54).
7
What is 3 + 5 + 13 - (10 + -2)?
13
-15 - (-49 - -10) - 13
11
Evaluate 28 + (12 + -42 - -20).
18
Calculate -17 - (11 + 9 + -30).
-7
What is 15 - 23 - -8 - (2 + -2 + 4)?
-4
Calculate 0 + -59 + 1116 + -1082.
-25
Evaluate -2 - (26 - (15 + 5 + -12)).
-20
What is 2 + (7 - (43 + -49 + (26 - 1)))?
-10
-3 - 0 - (-2 - (11 - (0 - -2)))
8
What is the value of 47 + -29 - (6 - 1)?
13
Calculate 111 - 118 - (1 + (-2 - 2)).
-4
What is the value of 8 + (18 + (-1 - -6) + -5 - -1)?
27
What is the value of -17 + -1 - (-85 + -17 + 87)?
-3
(4 - (-12 + 17) - (0 - -9)) + 8
-2
What is (-3 - -7) + 3 - (-55 + 75)?
-13
Calculate 2 - (17 + (-5 - 12) + (-1 - -8)).
-5
What is the value of (17 - 31 - -17) + -19 + 1 + -1?
-16
Calculate -43 + 34 + (1 - -7) + 7.
6
What is the value of 1 + (-2 + -1 + 5 + -4 - 7)?
-8
Evaluate 1 - (12 + -3 - 7 - (-5 + -1)).
-7
-80 + 59 + 14 - ((-2 - -2) + 5)
-12
What is the value of 4 - -1 - (-1 + 9 - (37 + -40))?
-6
3 + -5 + -16 + 32 + -42 + 1
-27
Evaluate 476 - 455 - (-1 + 15).
7
Calculate 0 + (-11 + 13 - 8) + 1.
-5
What is -12 - (38 + -25) - -31?
6
What is the value of (-6 - -23 - 9) + -2?
6
What is the value of -10 + (0 + -19 + -67 + 77 - -8)?
-11
(-5 - 14) + -20 + 36
-3
3 + 1 + (-19 - (4 + (-7 - 5)))
-7
What is the value of 5 + (5 - (0 + 8)) + (6 - -1)?
9
Evaluate (-3 - 1) + (287 - 297) + 4.
-10
Evaluate (6 - 1) + 2 + -6 + 0.
1
Evaluate 39 + -33 + (-28 - (-2 - 1)) - -1.
-18
What is the value of (24 - -17) + 20 + -28?
33
What is -16 + 16 + -4 + 43?
39
What is the value of (-84 - -106) + (-1 - 13) - 6?
2
Calculate -2 - -16 - (-161 + 212).
-37
What is the value of -6 + (-1 - 4) + (97 - 91)?
-5
-9 + 45 - (44 + -20)
12
What is the value of -29 + -14 + 27 + 2 + -13?
-27
Calculate (-1 + 12 + (-67 - -60) - -4) + 11.
19
15 - (24 - -11 - 12) - -9
1
Evaluate -10 - 24 - -31 - (-2 - -1 - -7).
-9
Evaluate 9 - (1 + (7 - 9) - (-1 - -1)).
10
What is the value of (16 - (20 + 2)) + -7?
-13
Evaluate -11 + (-1 + 5 - (1 - -13)).
-21
What is the value of 0 + (3 - 5) + 0 + 2 + 0?
0
What is -24 + 23 + 11 - (2 - -20)?
-12
What is the value of -1 + (-7 - (4 + -4 + 6))?
-14
Calculate 15 - (19 - 4 - -16).
-16
Evaluate -9 + 12 + (-1 + 10 - 7).
5
0 + 4 + 5 + -3 - 13
-7
Calculate -60 + (-18 + 22 - -33).
-23
What is -142 + 155 + 1 + -4?
10
119 + 4 + -112 + (-19 - (1 - 1))
-8
Evaluate (-55 - -32) + (10 - (-4 + 6)).
-15
Calculate -6 - ((-6 - (-5 - -5)) + (0 - 0)).
0
Evaluate 13 - (-22 - -8 - -30) - (5 - 5).
-3
Evaluate 1 + -12 - (18 - 32) - 1.
2
What is -9 - 2 - (100 + -105)?
-6
Evaluate 9 + (0 + -11 + 17 - (1 + 14)).
0
Evaluate -11 - (13 + -5 + -7).
-12
Evaluate -2 - 8 - -1 - (1 - -2 - 3).
-9
Calculate -2 + 24 + 1 + -1987 + 1988.
24
1 + -9 + (16 + -12 - -7 - 10)
-7
(-2 - (12 - 6 - 6 - -4)) + 7
1
What is the value of 16 - (42 + -50 - (-9 - (-2 - -2)))?
15
Evaluate -4 - ((-24 - -7) + 13).
0
What is -3 - (8 + -27) - 30?
-14
(3 - 13) + 3 - (-92 - -90)
-5
What is the value of (6 - 20) + (-6 - (-41 + 19))?
2
Evaluate 4 + (-28 + 16 - 3) - -9.
-2
Evaluate 4 + (3 - (-4 - 0)).
11
What is the value of -43 + 44 - (-4 + -1 + 1)?
5
What is the value of 17 + 4 - (16 + -11 - 11)?
27
Evaluate -7 + 6 + (-7 + 3 - -17).
12
Evaluate 6 + (-6 - (0 + 2) - (16 + 1)).
-19
Evaluate -35 - -7 - -43 - (0 - 0 - -2).
13
What is 2 - (-82 + 90 - (-1 + 16))?
9
Evaluate 13 + -2 + -2 + -13 + 1.
-3
Calculate 4 + (-11 - 26) + (1 - -11).
-21
What is the value of 8 + (-11 - -10) + (-15 - -12)?
4
What is the value of (-51 - -62) + (0 + 3 - 44) + 3?
-27
What is the value of -3 - (0 + -10 + -6) - 2?
11
Calculate 21 + (-40 - -20) - -12 - (1 - -1).
11
Calculate -8 + (-8 + -10 - -17).
-9
What is -2 - (-2 - (6 - (-2 + -2 + 1)))?
9
Evaluate (-22 - 18) + (-5 - -52).
7
14 - 11 - 13 - -2
-8
Calculate 18 + -8 + (-22 - -14).
2
Evaluate -5 - (1 + 2 + -2 + (-41 - -38)).
-3
What is the value of 14 + -14 + 5 + -1 + 14 - 5?
13
What is the value of (57 - (-6 - -32)) + -36?
-5
Evaluate (129 - 130) + 1 + 7.
7
Calculate (-1 - -4) + (19 - 16).
6
What is 8 - (5 - 1 - (9 - (0 + 7)))?
6
Calculate 10 + -7 + -14 + 8 - (-22 + 0).
19
Evaluate -4 - -2 - -10 - (-1 - (-7 - -10)).
12
-26 + 31 + -15 + 2
-8
What is the value of -22 - (-36 + (13 - -1)) - (-10 + 1)?
9
Calculate (22 + -8 - 10) + (-1 + 3 - 16).
-10
Calculate 46 + -34 - ((0 - -4) + 9).
-1
Calculate 5 + -11 + 3 + (-14 - -26).
9
What is the value of (-17 - (8 - 5)) + (7 - -1)?
-12
Evaluate -7 + 2 - (-1 + -1) - (-10 - -3).
4
Evaluate 7 - (-7 - (7 - 10)) - 10 - 9.
-8
What is -11 + 0 + 0 - (-9 + -1)?
-1
What is (-3 - 1 - (-3 - 1)) + 5 - 2?
3
Evaluate -9 + 0 + -7 - -7.
-9
Evaluate 43 + -43 - (-4 - 2) - 8.
-2
What is the value of 33 - (-33 - -59) - (21 + 0)?
-14
What is the value of (-3 - 3) + (-5 - (-29 + 15)) - 6?
-3
What is 18 - 12 - 4 - (2 + -11)?
11
Evaluate -75 + 58 + -29 + 33.
-13
Evaluate 1 + (2 + 3 + -8 - -2).
0
Evaluate (-220 - -206) + 1 + 19.
6
Calculate 2 + -1 + -5 + 8.
4
What is (31 - 10) + -5 + 0 + -1 + -4?
11
-269 + 264 + (1 - -4)
0
11 - (-6 + (5 - -10))
2
What is the value of 1 - (3 - 20) - ((39 - 26) + -5)?
10
Calculate 0 + -3 - (-21 - -6 - -5).
7
(-6 - -13) + -12 + 8
3
9 - ((17 - 23) + 1)
14
103 - 120 - (4 - 29)
8
What is the value of -42 - -21 - -14 - (16 + (-1 - -2))?
-24
What is the value of (-5 - 2) + (-35 - -38) - 5?
-9
(-19 - -30) + (0 - 1) + -9
1
What is the value of (6 - (-3 + -9)) + (-5 - 0) + 4?
17
What is 12 + (6 - 23) - ((-3 - 0) + -16)?
14
2 + (-2 + 0 - ((-15 - -14) + 16))
-15
Evaluate 8 - 10 - (10 + -5 + 2).
-9
Evaluate -14 + (-5 - -8) + -4 + 11 + 1.
-3
Evaluate (-12 - -31 - 32) + 17.
4
What is the value of 7 + -7 + -24 + 17?
-7
What is the value of (12 + -10 - -7) + -9 + -3?
-3
What is the value of -22 - (20 + -33 + -4)?
-5
-5 + (4 + 0 - -6)
5
Evaluate 8 - (21 - (22 + -13)).
-4
What is -33 - (17 - (-18 + 50))?
-18
What is (-2300 - -2329) + (-37 - 1)?
-9
What is the value of (16 - (27 + -9)) + (12 - -3)?
13
Evaluate (-2 - -7 - 14) + 1.
-8
41 + -23 - -7 - 30
-5
What is (-7 - (-16 - -12)) + -2 + 2 + -5?
-8
What is the value of -5 + (-20 - -9) + 9?
-7
What is the value of (57 - (16 - -16)) + -17?
8
What is -3 + -6 + (-183 - -197)?
5
Calculate 14 + -23 + 0 + 12.
3
Calculate (7 - 1 - 2 - 1) + (-19 - -10).
-6
What is the value of 2 + (14 + -25 - -1)?
-8
What is 27 + -27 - (8 + 2 + -6)?
-4
Evaluate (13 - (-23 + 28)) + -22.
-14
Calculate 17 - 30 - -11 - (-1 + -12).
11
What is the value of (5 - 5) + -14 + 12 + 3 + -30?
-29
What is (3 - (32 - 0)) + (21 - 10)?
-18
Evaluate 16 - 6 - -3 - (34 + -22).
1
Calculate -6 + (-1 - -12) - (1 - 5 - -10).
-1
What is (9 - (2 + -1)) + (128 - 121)?
15
Evaluate -8 + (-26 - (9 - 27)).
-16
13 + (-24 - -12) - (3 + 6)
-8
Calculate -29 + (63 - 47) - 15.
-28
What